 2)/(14 + 1298/(-88)). Let t(l) = -2*l - 13. What is t(m)?
-17
Suppose 0 = 162*d - 165*d. Let n(t) = -2*t - 6. Let b be n(-3). Suppose b = -m - d*m + 6. Let s(v) = -v**3 + 7*v**2 - 7*v - 1. Determine s(m).
-7
Suppose 0 = -3*q - 5*g - 48, 50*q - g = 49*q - 24. Let z(y) = y + 32. What is z(q)?
11
Let c(i) = -i - 4. Suppose 0 = -5*g - 118 + 318. Suppose -3 = y + 2*u, 0 = -4*y + 7*u - 2*u + g. Calculate c(y).
-9
Let q(f) = f**2 - 15*f + 35. Suppose -72*a + t + 17 = -70*a, -5*t + 83 = 4*a. Give q(a).
-1
Let u(x) be the second derivative of 1/2*x**2 + x**3 + 0 - 3*x. Let d(k) = -k. Let i(l) = 2*d(l) + u(l). Calculate i(-2).
-7
Suppose -253 = -5*c - 4*q, -4*c - 91 = -6*c - 5*q. Let n be 1/(-2)*318/c. Let j(z) = -4*z**2 - z + 4. Give j(n).
-29
Let s(j) = -j**3 - 20*j**2 - 18*j + 25. Suppose -1601 - 772 = 101*u - 454. Give s(u).
6
Let k(w) = 11*w**2 + 17*w**2 - 59*w**2 + 31*w - 89 + 29*w**2. Determine k(11).
10
Let m(o) be the first derivative of -49 + 1/2*o**2 + 9*o. Determine m(-7).
2
Let m be -6*((-21)/(-7) - 0). Let z(a) = -3*a**2 - 54*a - 3. Determine z(m).
-3
Let s be (-2 - (-1)/3)*(-30)/(-25). Let x(k) = -4*k**2 - k + 5. Let z(r) = -2*r**2 + 2. Let y(j) = 2*x(j) - 5*z(j). Give y(s).
12
Let p(u) = -11*u**2 + 3*u - 9. Let a be 5/(-2) + (-47)/94. Let g(w) = -31*w**2 + 9*w - 25. Let c(v) = a*g(v) + 8*p(v). Give c(3).
39
Let v(l) be the third derivative of -l**6/120 - l**5/60 + l**4/8 + l**3 - 319*l**2. Calculate v(-2).
4
Let x(o) be the third derivative of -o**5/60 - o**4/8 + 2*o**3/3 - 2*o**2 + 15*o - 19. Let p = -13 - -8. Give x(p).
-6
Let t(s) be the second derivative of s**5/20 - 5*s**4/6 - s**3/2 + 7*s**2 - 2*s + 12. Suppose -9*f = -3*f + 294. Let j = f + 59. What is t(j)?
-16
Let h be (0 + -4)*8/((-160)/(-165)). Let f = -30 - h. Let r(u) = 11*u**3 - 3*u**f + 1 + 7*u**2 - 9*u**2. What is r(1)?
7
Let s(j) = -4*j**3 + j**2 - j. Let m be s(1). Let g(t) be the second derivative of -2*t**3/3 - 5*t**2/2 - 4*t - 126. What is g(m)?
11
Let k(a) = 5*a - 5. Let x = -16 - -11. Let g(z) = -16*z + 12. Let i(o) = 19*o - 14. Let y(b) = 5*g(b) + 4*i(b). Let l(r) = x*k(r) - 6*y(r). Determine l(0).
1
Suppose -5*j - 24 = 3*a - 9, a + 5 = 5*j. Let v be (j - 3*-1)/(378/(-252)). Let k(i) = -20*i - 1. Give k(v).
39
Suppose 9*x = -0*x - 6606. Let y = 743 + x. Let w(o) = -o - 7. Calculate w(y).
-16
Let z(m) = 20*m - 4. Let f(x) = 7*x - 1. Suppose -3*w - 2*q = -6 + 22, 5*q = -2*w - 18. Let v(a) = w*z(a) + 11*f(a). Calculate v(4).
-7
Let q be 8/(-6) - (-21 - 19)*24/(-90). Let j(z) = -4*z - 47. What is j(q)?
1
Suppose 2*i + 3*s - 12 = 0, i - 4*s + 19 = 3. Let y be i/(((-12)/6)/2). Let t(a) = a + 18. Calculate t(y).
18
Let t(d) = 15*d**3 - d**2 + 6*d - 7. Let i be t(2). Let h = i - 119. Let z(v) = 18*v**2 + v**h + 3*v**2 - 3*v**2. Calculate z(-1).
19
Let r(p) be the third derivative of -p**6/120 - 13*p**5/60 - 17*p**4/24 + 2*p**3 + p**2 - 11*p + 80. Calculate r(-12).
72
Let r(o) = -3052 + 625 - o + o**2 + 625 + 623 + 544 + 632. Suppose 0 = -2*k - 2 - 6. Calculate r(k).
17
Let i(l) = -l**2 + 2. Let x = -32 + 34. Suppose -15*f + 3*f + 72 = 0. Suppose 4*b - f - x = 0. What is i(b)?
-2
Suppose -198 + 190 = -4*u. Let d(t) = 8 + t**3 + 4*t**u + t**2 - 2*t**3 - 11. Determine d(5).
-3
Suppose 54 = 5*k - 36. Let d(t) = 7*t - 128. Let s be d(k). Let a(z) = -z**3 - 2*z**2 - 2*z - 2. Give a(s).
2
Let r(j) = -j**3 + 5*j**2 + 3*j + 12. Let i = 3468 + -3463. Give r(i).
27
Suppose -2*x + 2*g + g - 2 = 0, -10 = x + 3*g. Let s(l) = 10*l + 21. Let v(p) = -6*p - 12. Let b(i) = x*s(i) - 7*v(i). What is b(3)?
6
Let i(o) be the first derivative of o**4/4 + 7*o**3/3 + 11*o**2/2 - 5*o + 3002. Calculate i(-5).
-10
Let a(l) = 11*l. Let i(s) = -s**2 + 24*s + 141. Let m be i(29). Let o be (m + 1 - -5) + -1. Determine a(o).
11
Let o(j) be the first derivative of 13*j**2/2 + j + 781. Determine o(-3).
-38
Let k = 526 + -521. Let r(y) = 4991*y**2 + 9*y - 4989*y**2 - k - 1. Determine r(-5).
-1
Let l(z) be the first derivative of z**3/3 - 6*z**2 + 7*z + 2868. Determine l(3).
-20
Let v(h) be the first derivative of h**3/3 + 5*h**2 + 7*h - 1564. Determine v(-10).
7
Let b = -116 - -118. Let w(n) = 0 + 179*n**3 + b + 0 + 3*n**2 - 3*n - 178*n**3. Suppose 4*r + 5*c = 3, 2*r + 2*c - 5*c = -15. Calculate w(r).
11
Let c be -3 - -2 - 6/(-3). Let k(f) = -f - f + 1 + c. Suppose -20*y - 6 = -15*y - 4*v, -6 = 3*y - 3*v. What is k(y)?
-2
Suppose 72 = -5*s + 82. Suppose -s*m + 4 = m - v, -5*m + 40 = 5*v. Suppose -3*o - 2*h = -m - 18, -5*h = -o - 10. Let l(c) = c**2 - 6*c + 5. Determine l(o).
0
Let i(o) be the first derivative of -o**3/3 - 4*o**2 - 8*o + 2. Let c be i(-6). Let n(f) = f + 5*f - 5*f + c + 0*f. Give n(0).
4
Let c(l) = -4*l + 37. Let z = -1486 - -1505. What is c(z)?
-39
Let i(w) = -3*w**3 - 28*w**2 - 8*w + 22. Let m = 12708 + -12717. Determine i(m).
13
Let t(p) = 15 - 19*p + 6 + 18*p. Let l be t(13). Let g(d) = l*d + 9*d**2 - 5*d**2 - 5*d**2. What is g(7)?
7
Let w be (0/9 - 3) + (7 - -1) - 13. Let i(d) = d**2 + 7*d + 13 - 2 + 2*d. Give i(w).
3
Suppose -2*l - 5 = 2*g + 5, -2*g = -5*l + 17. Let r be 2/((10/(-95))/(-2)). Let t(j) = 37 + r - 68 + j. Determine t(g).
1
Let w(h) = 12*h - 74. Let j be w(6). Let x(b) = -6*b - 6. Give x(j).
6
Let u(h) = h**3 + 4*h**2 - 7*h - 1. Let l(s) be the third derivative of -13/6*s**3 + 0 - 6*s**2 + 0*s - 1/60*s**5 + 1/4*s**4. Let q be l(4). Determine u(q).
9
Suppose 0 = 9*s - 42*s + 66. Let x(g) = -g**2 + 14*g - 6. Let n(p) = 3*p**2 - 32*p + 12. Let j(r) = s*n(r) + 5*x(r). Determine j(4).
34
Let u(z) = z**3 + 6*z**2 + 160*z + 772. Let g be u(-5). Let p(x) = -4*x + 7. Let w(h) = -5*h + 7. Let m(v) = 7*p(v) - 6*w(v). Determine m(g).
1
Let m(f) be the second derivative of f**4/12 - f**3/2 + f**2/2 - 16*f. Suppose 97*n - 106*n = 36. Determine m(n).
29
Let a(r) = r**2 - 24*r + 130. Suppose -86*u = 6*u + 3*u - 1330. Calculate a(u).
-10
Let b(w) be the third derivative of -7*w**4/24 + w**3/6 + 8506*w**2. Give b(9).
-62
Suppose -8 = 4*n - 0*n. Suppose 2 = 2*w - w. Let r(x) = -7*x**2 - 15*x**w + 3 + 3*x + 23*x**2. What is r(n)?
1
Let v(j) = j**2 + 8*j + 5. Let h(r) = -7*r - 105. Let n be h(-15). Suppose n = -4*w + 200 - 224. Determine v(w).
-7
Suppose 0 = -3*a - k + 10, 3*a - 2 = -k - 4*k. Let z(o) = -5 + 2*o - a*o - o. Suppose 0 = 314*p - 317*p - 18, r - 7 = 2*p. Give z(r).
10
Suppose 22 = -8*u + 10*u. Suppose -t - 6 = -u. Suppose 5*n - 5*o + 40 = 0, t*n + 4*o = -30 + 8. Let c(x) = x**3 + 7*x**2 + 5*x + 1. What is c(n)?
7
Let o = -53 + 55. Let k(i) = -56087 + 4*i + 56087. Calculate k(o).
8
Let d(r) = 19*r**2 - 44*r - 75. Let j(y) = 66*y**2 - 134*y - 225. Let f(g) = -7*d(g) + 2*j(g). What is f(-2)?
-9
Let w(f) be the second derivative of f**5/20 - 5*f**4/12 - 3*f**3/2 + 7*f**2 + 9298*f. Give w(3).
-31
Let f(c) = c**3 - 5*c**2 + 5. Let j be (-1)/10 - (1 + (-714)/140). What is f(j)?
-11
Let x(t) = 2*t**2 - t + 1. Let v(u) = -6*u**2 + 3*u - 1. Let c(n) = v(n) + 2*x(n). Let o = 18 + -18. Suppose o = j + 3. Determine c(j).
-20
Suppose -1530 - 26432 = -31*o. Let y = o - 913. Let b(z) = z**3 + 11*z**2 + 6. Give b(y).
6
Suppose 4*u + 6*a + 12 = 10*a, 0 = 3*u - 5*a + 11. Let j be (u - 36/9) + 0. Let f(b) = -8 - 2*b**2 - 7*b - 6*b**2 - b**3 + b**2. Give f(j).
-2
Suppose x = -5*n - 51, -375*n + 380*n = -4*x - 69. Let l(t) = t**3 + 9*t**2 - 5*t - 47. Determine l(n).
-2
Let a(d) = 2*d**2 - d - 1. Let x(h) = -25*h + 274. Let k be x(11). Let l be (-1)/(k*(-5)/(-10)). What is a(l)?
5
Let t(p) = p**3 + 5*p**2 - 8*p - 5. Suppose s - 13 = 3*r, 4*s = 70 - 90. What is t(r)?
7
Let a(t) = -3*t - 74. Let x(m) = m - 11. Let u(d) = a(d) - 4*x(d). What is u(-4)?
-2
Suppose 5*c - 21 = 4*x - 149, -4*x + 128 = 5*c. Let n = x + -38. Let i(g) = 2*g - 12. Let w(t) = 3*t - 12. Let r(q) = 4*i(q) - 3*w(q). Calculate r(n).
-6
Let m be 22/33*4/(24/45). Let s(t) be the third derivative of -1/3*t**3 - m*t**2 + 0*t - 1/12*t**4 - 1/30*t**5 + 0. What is s(-2)?
-6
Suppose 3*h - 18 = -3*r, -75*h - 32 = -6*r - 79*h. Let d(b) be the first derivative of 7*b - 1/4*b**r - b**2 + 24 + 2*b**3. Determine d(6).
-5
Suppose -14 = 2*g, -4*t + 5 = -26*g + 31*g. Let v(i) = -2*i**2 + 11*i + 15. What is v(t)?
-75
Let q(r) = 1 + 16 - 36291*r**3 + 6 + 36290*r**3 + 7*r**2 - 4*r. Give q(7).
-5
Let y = 46 + -44. Let f(b) = 62*b**y + 1 + b - 69*b**2 -